{"id":18015,"date":"2022-10-21T10:30:24","date_gmt":"2022-10-21T10:30:24","guid":{"rendered":"https:\/\/www.urkide.org\/en\/ampa\/"},"modified":"2025-11-13T14:51:06","modified_gmt":"2025-11-13T14:51:06","slug":"ampa","status":"publish","type":"page","link":"https:\/\/www.urkide.org\/en\/ampa\/","title":{"rendered":"AMPA"},"content":{"rendered":"<div class=\"wpb-content-wrapper\"><p>[vc_section full_width=&#8221;stretch_row_content&#8221; css=&#8221;.vc_custom_1666256116458{margin-right: 0px !important;margin-left: 0px !important;padding-right: 0px !important;padding-left: 0px !important;}&#8221; el_class=&#8221;margen-xl&#8221;][vc_row css=&#8221;.vc_custom_1666348218400{margin-right: 0px !important;margin-left: 0px !important;padding-right: 0px !important;padding-left: 0px !important;}&#8221; el_class=&#8221;cabecera-principal-interior&#8221;][vc_column icons_position=&#8221;left&#8221; css=&#8221;.vc_custom_1666091183879{padding-right: 0px !important;padding-left: 0px !important;}&#8221;][vc_single_image image=&#8221;18021&#8243; img_size=&#8221;full&#8221; alignment=&#8221;center&#8221;][vc_custom_heading source=&#8221;post_title&#8221; font_container=&#8221;tag:h1|text_align:center&#8221; use_theme_fonts=&#8221;yes&#8221; el_class=&#8221;titular-cabecera&#8221;][\/vc_column][\/vc_row][\/vc_section][vc_section][vc_row el_class=&#8221;margen-xl&#8221;][vc_column icons_position=&#8221;left&#8221;][vc_custom_heading text=&#8221;\u00bfQUI\u00c9NES SOMOS?&#8221; font_container=&#8221;tag:h2|text_align:center&#8221; use_theme_fonts=&#8221;yes&#8221; el_class=&#8221;titular-sec&#8221;][vc_column_text css=&#8221;.vc_custom_1670402802463{margin-bottom: 40px !important;}&#8221;]<\/p>\n<p style=\"text-align: center;\">La Asociaci\u00f3n de Padres y Madres de Alumnos (AMPA) de URKIDE <strong>somos todas y cada una de las familias del Colegio Urkide desde la etapa de Urkids hasta Bachillerato<\/strong>, ya que todo el alumnado se beneficia de una u otra manera de las actividades que la AMPA subvenciona para el Colegio.<\/p>\n<p style=\"text-align: center;\"><strong>La Junta de la AMPA<\/strong> la formamos en estos momentos <strong>9 madres y padres voluntarios<\/strong> que trabajamos conjuntamente con el colegio, representando a todas las familias del Colegio Urkide, con el objetivo de estar activos y presentes en la educaci\u00f3n de nuestros hijos e hijas y proponiendo aspectos que nos ayuden a mejorar la calidad de la ense\u00f1anza.<\/p>\n<p>[\/vc_column_text][\/vc_column][\/vc_row][vc_row el_class=&#8221;margen-xl&#8221;][vc_column icons_position=&#8221;left&#8221;][vc_column_text el_class=&#8221;titulako&#8221;]<span class=\"primario\">Somos Padres<\/span> <span class=\"secundario\">y madres<\/span>[\/vc_column_text][\/vc_column][\/vc_row][vc_row el_class=&#8221;margen-xl&#8221;][vc_column icons_position=&#8221;left&#8221;][vc_custom_heading text=&#8221;\u00bfQU\u00c9 HACEMOS?&#8221; font_container=&#8221;tag:h2|text_align:center&#8221; use_theme_fonts=&#8221;yes&#8221; el_class=&#8221;titular-sec&#8221;][vc_column_text css=&#8221;.vc_custom_1670415785474{margin-bottom: 40px !important;}&#8221;]<\/p>\n<p style=\"text-align: center;\">Nos guiamos por las <strong>funciones recogidas en los Estatutos.<\/strong><\/p>\n<p style=\"text-align: center;\"><strong>1.- Una vez al a\u00f1o, en la Asamblea General Ordinaria<\/strong>, abrimos las puertas a todos\/as los\/as socios\/as para que puedan conocer los presupuestos y todas las actividades en las que hemos trabajado el curso anterior y en las que trabajaremos durante el curso actual. El Acta la mandamos a trav\u00e9s de la plataforma Inika para las familias que no pudieron asistir a la misma y la incluimos en la p\u00e1gina web <a href=\"https:\/\/www.urkide.org\/wp-content\/uploads\/2022\/11\/20221109-ACTA-ASAMBLEA-GENERAL-ORDINARIA-2022-2023.pdf\" target=\"_blank\" rel=\"noopener\"><strong>(puedes pinchar en el siguiente enlace)<\/strong>.<\/a><\/p>\n<p style=\"text-align: center;\"><strong>2.- Reuniones peri\u00f3dicas<\/strong>: nos reunimos mensualmente y siempre que sea necesario en funci\u00f3n de las necesidades que tengamos en el Orden del d\u00eda. Estamos a disposici\u00f3n de todas las familias del colegio para escuchar e intentar ayudar y resolver cualquier inquietud referente al colegio, a sus actividades etc., intermediando ante los \u00f3rganos colegiales cuando sea necesario.<\/p>\n<p style=\"text-align: center;\">A estas reuniones pueden asistir los\/as socios\/as que lo soliciten.<br \/>\nEn estas reuniones surgen <strong>ideas y proyectos<\/strong> que tambi\u00e9n escuchamos y trasladamos al centro escolar como por ejemplo:<br \/>\n&#8211; Propuesta de unas familias sobre el patio coeducativo, que en estos momentos est\u00e1 materializ\u00e1ndose a trav\u00e9s de diferentes elementos que han aparecido (parkour) e ir\u00e1n apareciendo a lo largo de este curso.<br \/>\n&#8211; Grupo de reflexiones sobre nuevas tecnolog\u00edas en Primaria.<br \/>\n&#8211; Material escolar y libros.<\/p>\n<p style=\"text-align: center;\">En otras ocasiones los intereses de unas familias no coinciden con los de otras y nos toca <strong>mediar y buscar el bien com\u00fan<\/strong>. Pero creemos que es fundamental la cooperaci\u00f3n de Colegio, familias y alumnos\/as para seguir manteniendo esta gran \u201ctribu\u201d que es URKIDE.<\/p>\n<p style=\"text-align: center;\"><strong>3.- Mantenemos un contacto estrecho con el colegio<\/strong> para todas aquellas necesidades que van surgiendo por ambas partes.<\/p>\n<p style=\"text-align: center;\"><strong>4.- Organizamos y coordinamos las<\/strong> <strong>actividades extraescolares deportivas y culturales<\/strong> a trav\u00e9s de la Junta; para dicha organizaci\u00f3n contamos con el Coordinador de Actividades Extraescolares que adem\u00e1s forma parte del Centro escolar, dando una continuidad al proyecto colegio-AMPA.<\/p>\n<p style=\"text-align: center;\"><strong>5.- Actividades en las que<\/strong> <strong>participamos colaborando econ\u00f3micamente <\/strong>a trav\u00e9s de la AMPA:<br \/>\n&#8211; <em>Regalos del Olentzero<\/em> para Urkids, Infantil y Primaria.<br \/>\n&#8211; <em>Actividades acu\u00e1ticas educativas<\/em> en 2\u00ba y 3\u00ba de Primaria.<br \/>\n&#8211; <em>Servicio de biblioteca<\/em> de 15:00 h a 18:00 h.<br \/>\n&#8211; <em>T\u00e9cnicas de estudio<\/em> desde 4\u00ba de Primaria, impartidas por URKIDE Innovaci\u00f3n.<br \/>\n&#8211; <em>Mecanograf\u00eda<\/em> a trav\u00e9s de la plataforma KLUPPY en 5\u00ba de Primaria (ha comenzado este curso).<br \/>\n&#8211; Plataforma de <em>lectura integral<\/em> en ESO.<br \/>\n&#8211; <em>Sala de Dramatizaci\u00f3n<\/em> utilizada por el Departamento de Lengua Castellana para sus clases.<br \/>\n&#8211; <em>Charlas de orientaci\u00f3<\/em>n al alumnado de Bachillerato.<br \/>\n&#8211; <em>Diploma y obsequio<\/em> a los Graduados de Bachillerato.<\/p>\n<p style=\"text-align: center;\"><strong>6.- Desde la AMPA tambi\u00e9n pusimos en marcha en el curso 2019-2020 la Escuela de Madres y Padres <\/strong>que est\u00e1 funcionando dividida en tres escuelas seg\u00fan la etapa (Urkids-Infantil; Primaria; ESO-Bachillerato) en colaboraci\u00f3n con el Ayuntamiento de Vitoria-Gasteiz e IPACE (actividad gratuita, a cargo del Servicio Municipal de Educaci\u00f3n del Ayuntamiento de Vitoria-Gasteiz). Se realiza una sesi\u00f3n mensual por etapa, en horario de 15:15 h a 16:45 h.<\/p>\n<p style=\"text-align: center;\"><strong>7.- Apoyo a varias Comisiones-Grupos<\/strong> dentro de la propia AMPA:<br \/>\n&#8211; Naturkideak.<br \/>\n&#8211; Comisi\u00f3n de Carnavales.<br \/>\n&#8211; Grupo de Tiempo Libre URKIDEAK.<\/p>\n<p style=\"text-align: center;\"><strong>8.- Nos parece importante aportar nuestro granito de arena a la sociedad e<\/strong> <strong>impulsamos proyectos solidarios<\/strong> como la Chocolatada cuyos ingresos van dirigidos a la investigaci\u00f3n del c\u00e1ncer infantil.<\/p>\n<p style=\"text-align: center;\"><strong>9.- Tal y como hemos se\u00f1alado, cumplir funciones descritas en los Estatutos <\/strong>y que nos parece importante destacar como:<br \/>\n&#8211; Participar representando a las familias en el <em>Consejo Escolar,<\/em> colaborar en sus procesos electorales y proponer a los candidatos de la AMPA. Informar a los socios y socias de todo lo acontecido en el Consejo Escolar y en el centro educativo.<br \/>\n&#8211; <em>Promover y promocionar la calidad<\/em> en la educaci\u00f3n impartida.<br \/>\n&#8211; <em>Colaborar con el profesorado y el alumnado<\/em> para el buen funcionamiento del centro.<br \/>\n&#8211; Intentar <em>conseguir que las familias cooperen<\/em> en el desarrollo de las actividades del centro educativo.<br \/>\n&#8211; <em>Promocionar y promover la participaci\u00f3n activa de las familias<\/em> en la vida del centro educativo.<br \/>\n&#8211; <em>Asistir y ayudar a las familias<\/em> que lo requieran, en cualquier asunto que concierna a la educaci\u00f3n y a los derechos y deberes de sus hijos\/as.<br \/>\n&#8211; Organizar <em>actividades formativas complementarias<\/em> en beneficio de las familias y alumnos\/as.<br \/>\n&#8211; <em>Colaborar en las diferentes actividades educativas<\/em> del centro escolar.<br \/>\n&#8211; Realizar <em>actividades que consoliden el proyecto educativo<\/em> del centro.<br \/>\n&#8211; <em>Informar y asesorar a las familias<\/em> de las actividades propias de la AMPA.<br \/>\n&#8211; <em>Fomentar la convivencia<\/em> entre la comunidad educativa.<\/p>\n<p>[\/vc_column_text][\/vc_column][\/vc_row][vc_row el_class=&#8221;margen-xl&#8221;][vc_column icons_position=&#8221;left&#8221;][vc_single_image image=&#8221;18023&#8243; img_size=&#8221;full&#8221; alignment=&#8221;center&#8221;][\/vc_column][\/vc_row][vc_row el_class=&#8221;margen-xl&#8221;][vc_column icons_position=&#8221;left&#8221;][vc_custom_heading text=&#8221;JUNTA DIRECTIVA AMPA URKIDE&#8221; font_container=&#8221;tag:h2|text_align:center&#8221; use_theme_fonts=&#8221;yes&#8221; el_class=&#8221;titular-sec&#8221;][vc_column_text css=&#8221;.vc_custom_1759298601186{margin-bottom: 40px !important;}&#8221;]<\/p>\n<p style=\"text-align: center;\">Compuesta por el Presidente\/a, Vicepresidente\/a, Secretario\/a, Vicesecretario\/a, Tesorero\/a y Vocales. Las funciones de todos ellos vienen establecidas por los Estatutos.<\/p>\n<p style=\"text-align: center;\">La <strong>composici\u00f3n de la Junta Directiva actual de la AMPA<\/strong> es la siguiente:<\/p>\n<p style=\"text-align: center;\"><strong>Presidente:<\/strong> Felipe Luzuriaga.<\/p>\n<p style=\"text-align: center;\"><strong>Vicepresidente:<\/strong> Asier \u00c1lvarez de Arkaia.<\/p>\n<p style=\"text-align: center;\"><strong>Secretaria:<\/strong> Aiala Fern\u00e1ndez de Gamarra.<\/p>\n<p style=\"text-align: center;\"><strong>Tesorera:<\/strong> Itziar Amen\u00e1bar.<\/p>\n<p style=\"text-align: center;\"><strong>Vocales:<br \/>\n<\/strong>Raquel Mart\u00ednez y Laura Guti\u00e9rrez.<\/p>\n<p style=\"text-align: center;\"><strong>Coordinador Actividades Extraescolares:<\/strong><br \/>\nPablo Mart\u00ednez de Arag\u00f3n.<\/p>\n<p>[\/vc_column_text][\/vc_column][\/vc_row][vc_row el_class=&#8221;margen-xl&#8221;][vc_column icons_position=&#8221;left&#8221;][vc_single_image image=&#8221;18024&#8243; img_size=&#8221;full&#8221; alignment=&#8221;center&#8221;][\/vc_column][\/vc_row][vc_row el_class=&#8221;margen-xl&#8221;][vc_column icons_position=&#8221;left&#8221;][vc_custom_heading text=&#8221;CUOTA&#8221; font_container=&#8221;tag:h2|text_align:center&#8221; use_theme_fonts=&#8221;yes&#8221; el_class=&#8221;titular-sec&#8221;][vc_column_text css=&#8221;.vc_custom_1763045477348{margin-bottom: 40px !important;}&#8221;]<\/p>\n<p style=\"text-align: center;\">Para sostener todas estas iniciativas que apoyamos y promocionamos, seguimos manteniendo la <strong>cuota anual de 45 \u20ac<\/strong> (esa cuota es por familia, no por hijo\/a) que como siempre, se cobrar\u00e1 <strong>fraccionada en 3 cuotas de 15 \u20ac.<\/strong><\/p>\n<p>[\/vc_column_text][vc_empty_space height=&#8221;64px&#8221;][\/vc_column][\/vc_row][vc_row el_class=&#8221;margen-xl&#8221;][vc_column icons_position=&#8221;left&#8221;][vc_custom_heading text=&#8221;FORMA DE CONTACTO CON JUNTA DE AMPA URKIDE&#8221; font_container=&#8221;tag:h2|text_align:center&#8221; use_theme_fonts=&#8221;yes&#8221; el_class=&#8221;titular-sec&#8221;][vc_column_text css=&#8221;.vc_custom_1674228394476{margin-bottom: 40px !important;}&#8221;]<\/p>\n<p style=\"text-align: center;\"><strong>Por todo esto TODAS las familias del Colegio pertenecen a la AMPA<\/strong> y si ten\u00e9is alguna sugerencia, ofrecimiento, propuesta o iniciativa nos la pod\u00e9is hacer llegar al correo <a href=\"mailto:ampa@urkide.org\"><strong>ampa@urkide.org<\/strong><\/a><\/p>\n<p style=\"text-align: center;\">Much\u00edsimas GRACIAS a todas las personas socias por vuestra confianza y formar parte de la AMPA URKIDE.<\/p>\n<p style=\"text-align: center;\">Seguiremos trabajando y dando lo mejor de nosotros\/as.<\/p>\n<p>[\/vc_column_text][\/vc_column][\/vc_row][\/vc_section]<\/p>\n<div class=\"clearfix\"><\/div><\/div>","protected":false},"excerpt":{"rendered":"<p>[vc_section full_width=&#8221;stretch_row_content&#8221; css=&#8221;.vc_custom_1666256116458{margin-right: 0px !important;margin-left: 0px !important;padding-right: 0px !important;padding-left: 0px !important;}&#8221; el_class=&#8221;margen-xl&#8221;][vc_row css=&#8221;.vc_custom_1666348218400{margin-right: 0px !important;margin-left: 0px !important;padding-right: 0px !important;padding-left: 0px !important;}&#8221; el_class=&#8221;cabecera-principal-interior&#8221;][vc_column&#8230;<\/p>\n","protected":false},"author":1,"featured_media":0,"parent":0,"menu_order":0,"comment_status":"closed","ping_status":"closed","template":"","meta":{"footnotes":""},"class_list":["post-18015","page","type-page","status-publish","hentry"],"_links":{"self":[{"href":"https:\/\/www.urkide.org\/en\/wp-json\/wp\/v2\/pages\/18015","targetHints":{"allow":["GET"]}}],"collection":[{"href":"https:\/\/www.urkide.org\/en\/wp-json\/wp\/v2\/pages"}],"about":[{"href":"https:\/\/www.urkide.org\/en\/wp-json\/wp\/v2\/types\/page"}],"author":[{"embeddable":true,"href":"https:\/\/www.urkide.org\/en\/wp-json\/wp\/v2\/users\/1"}],"replies":[{"embeddable":true,"href":"https:\/\/www.urkide.org\/en\/wp-json\/wp\/v2\/comments?post=18015"}],"version-history":[{"count":10,"href":"https:\/\/www.urkide.org\/en\/wp-json\/wp\/v2\/pages\/18015\/revisions"}],"predecessor-version":[{"id":32238,"href":"https:\/\/www.urkide.org\/en\/wp-json\/wp\/v2\/pages\/18015\/revisions\/32238"}],"wp:attachment":[{"href":"https:\/\/www.urkide.org\/en\/wp-json\/wp\/v2\/media?parent=18015"}],"curies":[{"name":"wp","href":"https:\/\/api.w.org\/{rel}","templated":true}]}}

<div class="wpb-content-wrapper"><p>[vc_section full_width=&#8221;stretch_row_content&#8221; css=&#8221;.vc_custom_1666256116458{margin-right: 0px !important;margin-left: 0px !important;padding-right: 0px !important;padding-left: 0px !important;}&#8221; el_class=&#8221;margen-xl&#8221;][vc_row css=&#8221;.vc_custom_1666348218400{margin-right: 0px !important;margin-left: 0px !important;padding-right: 0px !important;padding-left: 0px !important;}&#8221; el_class=&#8221;cabecera-principal-interior&#8221;][vc_column icons_position=&#8221;left&#8221; css=&#8221;.vc_custom_1666091183879{padding-right: 0px !important;padding-left: 0px !important;}&#8221;][vc_single_image image=&#8221;18021&#8243; img_size=&#8221;full&#8221; alignment=&#8221;center&#8221;][vc_custom_heading source=&#8221;post_title&#8221; font_container=&#8221;tag:h1|text_align:center&#8221; use_theme_fonts=&#8221;yes&#8221; el_class=&#8221;titular-cabecera&#8221;][/vc_column][/vc_row][/vc_section][vc_section][vc_row el_class=&#8221;margen-xl&#8221;][vc_column icons_position=&#8221;left&#8221;][vc_custom_heading text=&#8221;¿QUIÉNES SOMOS?&#8221; font_container=&#8221;tag:h2|text_align:center&#8221; use_theme_fonts=&#8221;yes&#8221; el_class=&#8221;titular-sec&#8221;][vc_column_text css=&#8221;.vc_custom_1670402802463{margin-bottom: 40px !important;}&#8221;]</p>
<p style="text-align: center;">La Asociación de Padres y Madres de Alumnos (AMPA) de URKIDE <strong>somos todas y cada una de las familias del Colegio Urkide desde la etapa de Urkids hasta Bachillerato</strong>, ya que todo el alumnado se beneficia de una u otra manera de las actividades que la AMPA subvenciona para el Colegio.</p>
<p style="text-align: center;"><strong>La Junta de la AMPA</strong> la formamos en estos momentos <strong>9 madres y padres voluntarios</strong> que trabajamos conjuntamente con el colegio, representando a todas las familias del Colegio Urkide, con el objetivo de estar activos y presentes en la educación de nuestros hijos e hijas y proponiendo aspectos que nos ayuden a mejorar la calidad de la enseñanza.</p>
<p>[/vc_column_text][/vc_column][/vc_row][vc_row el_class=&#8221;margen-xl&#8221;][vc_column icons_position=&#8221;left&#8221;][vc_column_text el_class=&#8221;titulako&#8221;]<span class="primario">Somos Padres</span> <span class="secundario">y madres</span>[/vc_column_text][/vc_column][/vc_row][vc_row el_class=&#8221;margen-xl&#8221;][vc_column icons_position=&#8221;left&#8221;][vc_custom_heading text=&#8221;¿QUÉ HACEMOS?&#8221; font_container=&#8221;tag:h2|text_align:center&#8221; use_theme_fonts=&#8221;yes&#8221; el_class=&#8221;titular-sec&#8221;][vc_column_text css=&#8221;.vc_custom_1670415785474{margin-bottom: 40px !important;}&#8221;]</p>
<p style="text-align: center;">Nos guiamos por las <strong>funciones recogidas en los Estatutos.</strong></p>
<p style="text-align: center;"><strong>1.- Una vez al año, en la Asamblea General Ordinaria</strong>, abrimos las puertas a todos/as los/as socios/as para que puedan conocer los presupuestos y todas las actividades en las que hemos trabajado el curso anterior y en las que trabajaremos durante el curso actual. El Acta la mandamos a través de la plataforma Inika para las familias que no pudieron asistir a la misma y la incluimos en la página web <a href="https://www.urkide.org/wp-content/uploads/2022/11/20221109-ACTA-ASAMBLEA-GENERAL-ORDINARIA-2022-2023.pdf" target="_blank" rel="noopener"><strong>(puedes pinchar en el siguiente enlace)</strong>.</a></p>
<p style="text-align: center;"><strong>2.- Reuniones periódicas</strong>: nos reunimos mensualmente y siempre que sea necesario en función de las necesidades que tengamos en el Orden del día. Estamos a disposición de todas las familias del colegio para escuchar e intentar ayudar y resolver cualquier inquietud referente al colegio, a sus actividades etc., intermediando ante los órganos colegiales cuando sea necesario.</p>
<p style="text-align: center;">A estas reuniones pueden asistir los/as socios/as que lo soliciten.<br />
En estas reuniones surgen <strong>ideas y proyectos</strong> que también escuchamos y trasladamos al centro escolar como por ejemplo:<br />
&#8211; Propuesta de unas familias sobre el patio coeducativo, que en estos momentos está materializándose a través de diferentes elementos que han aparecido (parkour) e irán apareciendo a lo largo de este curso.<br />
&#8211; Grupo de reflexiones sobre nuevas tecnologías en Primaria.<br />
&#8211; Material escolar y libros.</p>
<p style="text-align: center;">En otras ocasiones los intereses de unas familias no coinciden con los de otras y nos toca <strong>mediar y buscar el bien común</strong>. Pero creemos que es fundamental la cooperación de Colegio, familias y alumnos/as para seguir manteniendo esta gran “tribu” que es URKIDE.</p>
<p style="text-align: center;"><strong>3.- Mantenemos un contacto estrecho con el colegio</strong> para todas aquellas necesidades que van surgiendo por ambas partes.</p>
<p style="text-align: center;"><strong>4.- Organizamos y coordinamos las</strong> <strong>actividades extraescolares deportivas y culturales</strong> a través de la Junta; para dicha organización contamos con el Coordinador de Actividades Extraescolares que además forma parte del Centro escolar, dando una continuidad al proyecto colegio-AMPA.</p>
<p style="text-align: center;"><strong>5.- Actividades en las que</strong> <strong>participamos colaborando económicamente </strong>a través de la AMPA:<br />
&#8211; <em>Regalos del Olentzero</em> para Urkids, Infantil y Primaria.<br />
&#8211; <em>Actividades acuáticas educativas</em> en 2º y 3º de Primaria.<br />
&#8211; <em>Servicio de biblioteca</em> de 15:00 h a 18:00 h.<br />
&#8211; <em>Técnicas de estudio</em> desde 4º de Primaria, impartidas por URKIDE Innovación.<br />
&#8211; <em>Mecanografía</em> a través de la plataforma KLUPPY en 5º de Primaria (ha comenzado este curso).<br />
&#8211; Plataforma de <em>lectura integral</em> en ESO.<br />
&#8211; <em>Sala de Dramatización</em> utilizada por el Departamento de Lengua Castellana para sus clases.<br />
&#8211; <em>Charlas de orientació</em>n al alumnado de Bachillerato.<br />
&#8211; <em>Diploma y obsequio</em> a los Graduados de Bachillerato.</p>
<p style="text-align: center;"><strong>6.- Desde la AMPA también pusimos en marcha en el curso 2019-2020 la Escuela de Madres y Padres </strong>que está funcionando dividida en tres escuelas según la etapa (Urkids-Infantil; Primaria; ESO-Bachillerato) en colaboración con el Ayuntamiento de Vitoria-Gasteiz e IPACE (actividad gratuita, a cargo del Servicio Municipal de Educación del Ayuntamiento de Vitoria-Gasteiz). Se realiza una sesión mensual por etapa, en horario de 15:15 h a 16:45 h.</p>
<p style="text-align: center;"><strong>7.- Apoyo a varias Comisiones-Grupos</strong> dentro de la propia AMPA:<br />
&#8211; Naturkideak.<br />
&#8211; Comisión de Carnavales.<br />
&#8211; Grupo de Tiempo Libre URKIDEAK.</p>
<p style="text-align: center;"><strong>8.- Nos parece importante aportar nuestro granito de arena a la sociedad e</strong> <strong>impulsamos proyectos solidarios</strong> como la Chocolatada cuyos ingresos van dirigidos a la investigación del cáncer infantil.</p>
<p style="text-align: center;"><strong>9.- Tal y como hemos señalado, cumplir funciones descritas en los Estatutos </strong>y que nos parece importante destacar como:<br />
&#8211; Participar representando a las familias en el <em>Consejo Escolar,</em> colaborar en sus procesos electorales y proponer a los candidatos de la AMPA. Informar a los socios y socias de todo lo acontecido en el Consejo Escolar y en el centro educativo.<br />
&#8211; <em>Promover y promocionar la calidad</em> en la educación impartida.<br />
&#8211; <em>Colaborar con el profesorado y el alumnado</em> para el buen funcionamiento del centro.<br />
&#8211; Intentar <em>conseguir que las familias cooperen</em> en el desarrollo de las actividades del centro educativo.<br />
&#8211; <em>Promocionar y promover la participación activa de las familias</em> en la vida del centro educativo.<br />
&#8211; <em>Asistir y ayudar a las familias</em> que lo requieran, en cualquier asunto que concierna a la educación y a los derechos y deberes de sus hijos/as.<br />
&#8211; Organizar <em>actividades formativas complementarias</em> en beneficio de las familias y alumnos/as.<br />
&#8211; <em>Colaborar en las diferentes actividades educativas</em> del centro escolar.<br />
&#8211; Realizar <em>actividades que consoliden el proyecto educativo</em> del centro.<br />
&#8211; <em>Informar y asesorar a las familias</em> de las actividades propias de la AMPA.<br />
&#8211; <em>Fomentar la convivencia</em> entre la comunidad educativa.</p>
<p>[/vc_column_text][/vc_column][/vc_row][vc_row el_class=&#8221;margen-xl&#8221;][vc_column icons_position=&#8221;left&#8221;][vc_single_image image=&#8221;18023&#8243; img_size=&#8221;full&#8221; alignment=&#8221;center&#8221;][/vc_column][/vc_row][vc_row el_class=&#8221;margen-xl&#8221;][vc_column icons_position=&#8221;left&#8221;][vc_custom_heading text=&#8221;JUNTA DIRECTIVA AMPA URKIDE&#8221; font_container=&#8221;tag:h2|text_align:center&#8221; use_theme_fonts=&#8221;yes&#8221; el_class=&#8221;titular-sec&#8221;][vc_column_text css=&#8221;.vc_custom_1759298601186{margin-bottom: 40px !important;}&#8221;]</p>
<p style="text-align: center;">Compuesta por el Presidente/a, Vicepresidente/a, Secretario/a, Vicesecretario/a, Tesorero/a y Vocales. Las funciones de todos ellos vienen establecidas por los Estatutos.</p>
<p style="text-align: center;">La <strong>composición de la Junta Directiva actual de la AMPA</strong> es la siguiente:</p>
<p style="text-align: center;"><strong>Presidente:</strong> Felipe Luzuriaga.</p>
<p style="text-align: center;"><strong>Vicepresidente:</strong> Asier Álvarez de Arkaia.</p>
<p style="text-align: center;"><strong>Secretaria:</strong> Aiala Fernández de Gamarra.</p>
<p style="text-align: center;"><strong>Tesorera:</strong> Itziar Amenábar.</p>
<p style="text-align: center;"><strong>Vocales:<br />
</strong>Raquel Martínez y Laura Gutiérrez.</p>
<p style="text-align: center;"><strong>Coordinador Actividades Extraescolares:</strong><br />
Pablo Martínez de Aragón.</p>
<p>[/vc_column_text][/vc_column][/vc_row][vc_row el_class=&#8221;margen-xl&#8221;][vc_column icons_position=&#8221;left&#8221;][vc_single_image image=&#8221;18024&#8243; img_size=&#8221;full&#8221; alignment=&#8221;center&#8221;][/vc_column][/vc_row][vc_row el_class=&#8221;margen-xl&#8221;][vc_column icons_position=&#8221;left&#8221;][vc_custom_heading text=&#8221;CUOTA&#8221; font_container=&#8221;tag:h2|text_align:center&#8221; use_theme_fonts=&#8221;yes&#8221; el_class=&#8221;titular-sec&#8221;][vc_column_text css=&#8221;.vc_custom_1763045477348{margin-bottom: 40px !important;}&#8221;]</p>
<p style="text-align: center;">Para sostener todas estas iniciativas que apoyamos y promocionamos, seguimos manteniendo la <strong>cuota anual de 45 €</strong> (esa cuota es por familia, no por hijo/a) que como siempre, se cobrará <strong>fraccionada en 3 cuotas de 15 €.</strong></p>
<p>[/vc_column_text][vc_empty_space height=&#8221;64px&#8221;][/vc_column][/vc_row][vc_row el_class=&#8221;margen-xl&#8221;][vc_column icons_position=&#8221;left&#8221;][vc_custom_heading text=&#8221;FORMA DE CONTACTO CON JUNTA DE AMPA URKIDE&#8221; font_container=&#8221;tag:h2|text_align:center&#8221; use_theme_fonts=&#8221;yes&#8221; el_class=&#8221;titular-sec&#8221;][vc_column_text css=&#8221;.vc_custom_1674228394476{margin-bottom: 40px !important;}&#8221;]</p>
<p style="text-align: center;"><strong>Por todo esto TODAS las familias del Colegio pertenecen a la AMPA</strong> y si tenéis alguna sugerencia, ofrecimiento, propuesta o iniciativa nos la podéis hacer llegar al correo <a href="mailto:ampa@urkide.org"><strong>ampa@urkide.org</strong></a></p>
<p style="text-align: center;">Muchísimas GRACIAS a todas las personas socias por vuestra confianza y formar parte de la AMPA URKIDE.</p>
<p style="text-align: center;">Seguiremos trabajando y dando lo mejor de nosotros/as.</p>
<p>[/vc_column_text][/vc_column][/vc_row][/vc_section]</p>
<div class="clearfix"></div></div>
